{"id":9,"date":"2016-01-13T15:41:21","date_gmt":"2016-01-13T14:41:21","guid":{"rendered":"http:\/\/www.aiia-sfpe.org\/2016\/?page_id=9"},"modified":"2016-01-15T20:51:35","modified_gmt":"2016-01-15T19:51:35","slug":"statuto","status":"publish","type":"page","link":"https:\/\/www.aiia-sfpe.org\/2016\/?page_id=9","title":{"rendered":"STATUTO"},"content":{"rendered":"<h2 style=\"text-align: justify;\"><strong>ARTICOLO 1 DENOMINAZIONE<\/strong><\/h2>\n<p style=\"text-align: justify;\">1.1 E&#8217; costituita una associazione senza fini di lucro denominata Associazione Italiana di Ingegneria Antincendio \u2013 AIIA Sezione Italiana della Society of Fire Proteciton Engineers. L&#8217;associazione pu\u00f2 utilizzare a questo riguardo l&#8217;acronimo nazionale AIIA e quello americano SFPE.<br \/>\nL&#8217;Associazione ha sede in Rho (MI), Via Vincenzo Monti 52. <b><\/b><\/p>\n<h2 style=\"text-align: justify;\"><b>ARTICOLO 2 FINALITA&#8217; OBBIETTIVI<\/b><\/h2>\n<p style=\"text-align: justify;\">2.1 Le finalit\u00e0 dell&#8217;associazione solo la promozione e la diffusione delle teorie, della pratica e delle tecnologie dell&#8217;ingegneria antincendio e delle discipline ad essa collegate al fine di mantenere un elevato livello etico e professione fra gli associati e di diffondere i principi e la cultura dell&#8217;ingegneria antincendio.<br \/>\n2.2 L&#8217;Associazione non potr\u00e0 agire in nome e per conto della SFPE senza una specifica autorizzazione scritta della stessa.<br \/>\n2.3 L&#8217;Associazione si uniforma allo statuto ed al regolamento della SFPE. <b><\/b><\/p>\n<h2 style=\"text-align: justify;\"><b>ARTICOLO 3 APPARTENENZA<\/b><\/h2>\n<p style=\"text-align: justify;\">3.1 L&#8217;Appartenenza all&#8217;associazione \u00e8 aperta a persone fisiche nei diversi gradi previsti: \u201cFellow\u201d, Membro. Membro Associato, Affiliato, Tecnologo, Tecnico, Studente o Membro Onorario della Society of Fire Protection Engineers. All&#8217;associazione potranno essere ammesse persone che risiedono o con sede di lavori in Italia e nei paesi della CEE.<br \/>\nPersone di altri paesi, come persone non associate alla SFPE, potranno essere ammesse come Osservatori.<br \/>\n3.2 Tutte le richieste di ammissione all&#8217;associazione dovranno essere presentate al Comitato Esecutivo che accerter\u00e0 il grado di qualificazione nell&#8217;appartenenza alla SFPE. Il richiedente sar\u00e0 informato ufficialmente dell&#8217;ammissione e l&#8217;iscrizione sar\u00e0 registrata dalla Segreteria.<br \/>\n3.3 Tutti gli associati ad eccezione dei soci Studenti o Osservatori, avranno diritto di voto. Ogni associato avr\u00e0 diritto ad un voto per quanto attiene alle delinere della Associazione.<br \/>\n3.4 Gli associati che decadessero dalla loro qualifica di soci della SFPE non potranno pi\u00f9 esercitare il loro diritto di voto nella Associazione (AIIA) ma possono essere reintegrati nei loro diritti di voto qualora provvedono alla rimozione delle cause che ne hanno comportato la decadenza.<br \/>\nGli associati che non provvedano a quanto dovuto a titolo di quota associativa od altro entro 60 gg. saranno sospesi. Tuttavia gli stessi potranno essere riammessi automaticamente se provvederanno a rimuovere le cause della sospensione entro 6 mesi dalla stessa.<br \/>\nIl Comitato esecutivo, qualora emerga a carico dell&#8217;associato prove di comportamenti non conformi all&#8217;etica e alla professionalit\u00e0, i comportamenti che si possano rivelare pregiudizievoli per gli interessi dell&#8217;associazione (AIIA) o di false dichiarazioni in fase di richiesta di ammissione all&#8217;associazione pu\u00f2-ascoltate le motivazioni su richiesta dell&#8217;associato stesso- espellere l&#8217;associato se ritenuto colpevole. In tutti i casi l&#8217;espulsione sar\u00e0 comunicata dal Comitato Esecutivo dell&#8217;AIIA alla Society of Fire Protectione Engineers (SFPE).Ogni associato che sia stato sospeso od espulso pu\u00f2 chiedere di essere riammesso secondo le procedure che il Comitato Esecutivo specificher\u00e0 per la riammissione.<br \/>\n3.5 L&#8217;associazione (AIIA) riconosce l&#8217;esigenza di mantenere contatti con persone che, pur non essendo membri della SFPE, abbiano interessi ed attivit\u00e0 nel campo dell&#8217;Associazione. L&#8217;Associazione sollecita, promuove ed accetta il sostegno e la partecipazione degli interessati nelle attivit\u00e0 dell&#8217;Associazione stessa a titolo di Osservatori.<br \/>\nL&#8217;Associazione metter\u00e0 a disposizione di queste persone le pubblicazioni periodiche e consentir\u00e0 la partecipazione agli incontri periodici e dalle altre manifestazioni che saranno organizzate a fronte del solo rimborso spese postali e delle quote di partecipazione.<br \/>\nIl Tesoriere informer\u00e0 il Segretario del ricevimento delle quote di partecipazione, delle spese postali e di spedizione relative; il Segretario confermer\u00e0 con ricevuta ed iscriver\u00e0 formalmente i loro nomi negli indirizzari dell&#8217;Associazione. <b><\/b><\/p>\n<p style=\"text-align: justify;\">Mozione approvata dall&#8217;assemblea 1996 dei soci dell&#8217;associazione:<\/p>\n<p style=\"text-align: justify;\"><b><i>\u201c Allo scopo di promuovere l&#8217;iscrizione all&#8217;Associazione di nuovi soci, che possano in futuro aderire alla SFPE, si decide di favorire l&#8217;iscrizione stessa tramite il ruolo iniziale di Socio Osservatore, definito anche Socio Nazionale. Il socio Osservatore, o Nazionale, dovr\u00e0 rispondere, per l&#8217;ammissione, a requisiti equivalenti a quelli richiesti per l&#8217;iscrizione ai vari gradi dell&#8217;SFPE, attestati da almeno 4 persone operanti nel campo dell&#8217;ingegneria e\/o della sicurezza sul lavoro, di cui almeno 2 associati SFPE.<br \/>\nI soci Nazionali partecipano a pieno titolo alla vita dell&#8217;Associazione, per discutere di temi tecnici ed organizzativi e per promuovere l&#8217;attivit\u00e0 divulgativa dell&#8217;Associazione stessa\u201d<\/i><\/b><\/p>\n<h2 style=\"text-align: justify;\"><b>ARTICOLO 4 ORGANI DELL&#8217;ASSOCIAZIONE<\/b><\/h2>\n<p style=\"text-align: justify;\">4.1 Organi e legali rappresentanti dell&#8217;Associazione sono:<\/p>\n<ul style=\"text-align: justify;\">\n<li>Il Presidente<\/li>\n<li>Il Vice-Presidente<\/li>\n<li>Il Presidente Uscente<\/li>\n<li>Il Segretario<\/li>\n<li>Il Tesoriere<\/li>\n<li>Il Comitato Esecutivo<\/li>\n<li>Il Collegio dei Revisori dei Conti<\/li>\n<\/ul>\n<p style=\"text-align: justify;\">Ad eccezione del Presidente Uscente tutti i legali rappresentanti saranno eletti dagli associati e resteranno in carica 2 anni e fino a che i successori non siano eletti e riconosciuti. Tutti i legali rappresentanti svolgeranno i compiti previsti dal loro ruolo senza alcuna ricompensa salvo l&#8217;eventuale rimborso delle speso sostenute.<br \/>\n4.2 Al Comitato Esecutivo partecipano di diritto il Presidente, il Vice Presidente, il Segretario, il Tesoriere, il Presidente Uscente ed un socio delegato dall&#8217;Assemblea dell&#8217;Associazione per il periodo di un anno.<br \/>\n4.3 Il Presidente e la maggioranza dei Membri del Comitato Esecutivo dovranno appartenere alla SFPE con le qualifiche di \u201c Fellow\u201d, Membro Onorario, Membro o Membro Associato.<br \/>\n4.4 Le cariche temporaneamente vacanti possono essere ricoperte fino al termine previsto per l&#8217;elezione successiva con un voto a maggioranza del Comitato Esecutivo<br \/>\n<b><\/b><\/p>\n<h2 style=\"text-align: justify;\"><b>ARTICOLO 5 POTERI DEGLI ORGANI DELL&#8217;ASSOCIAZIONE<\/b><\/h2>\n<p style=\"text-align: justify;\">5.1 <b>Il Presidente <\/b><br \/>\nE&#8217; compito del Presidente presiedere a tutte le riunioni e svolgere le altre mansioni tipiche che l&#8217;incarico comporta.<br \/>\nIl Presidente convocher\u00e0 le riunioni del Comitato Esecutivo a suo giudizio o su richiesta di tre o pi\u00f9 membri del Comitato.<br \/>\nIl Presidente pu\u00f2 nominare Comitati speciali come pu\u00f2 essere richiesto dalle circostanze a condizione che la maggioranza del Comitato Esecutivo approvi la decisione.<br \/>\nSe, per qualunque ragione, il Presidente non fosse disponibile, il Vice Presidente assumer\u00e0 i poteri, le deleghe e tutte le prerogative del Presidente.<\/p>\n<p style=\"text-align: justify;\">5.2 <b>Il Segretario<\/b><br \/>\nE&#8217; compito del Segretario mantenere documentazione di tutte le attivit\u00e0 dell&#8217;Associazione e svolgere le atre mansioni che l&#8217;incarico di Segretario comporta usualmente.<br \/>\nIl Segretario provveder\u00e0 alla convocazione delle riunioni.<br \/>\nIl Segretario terr\u00e0 aggiornato il registro degli Associati.<br \/>\nIl Segretario preparer\u00e0, almeno una volta all&#8217;anno, l&#8217;elenco aggiornato degli Associati, i verbali delle sedute ed altre informazioni utili al Segretario-Tesoriere dell&#8217;Associazione.<\/p>\n<p style=\"text-align: justify;\">5.3 <b>Il Tesoriere<\/b><br \/>\nE&#8217; compito del Tesoriere registrare tutti i movimenti dell&#8217;Associazione, raccogliere le quote associative, pagare le spese, redigere il rendiconto annuale, predisporre un rendiconto finanziario in occasione di ogni riunione dell&#8217;Associazione regolarmente programmata e svolgere le altre mansione previste dall&#8217;incarico di Tesoriere.<br \/>\n5.4 Il Presidente ed il Vice Presidente ricopriranno rispettivamente i ruoli di Presidente e Vice Presidente del Comitato Esecutivo.<br \/>\n5.5 Il Comitato Esecutivo si riunir\u00e0 non meno di 3 volte all&#8217;anno ma potr\u00e0 riunirsi con la frequenza che riterr\u00e0 opportuna o auspicabile a discrezione del Presidente<br \/>\n5.6 La presenza della maggioranza dei membri del Comitato costituir\u00e0 il \u201cquorum\u201d necessario per la validit\u00e0 delle riunioni del Comitato Esecutivo.<br \/>\n5.7 E&#8217; compito specifico del Comitato Esecutivo valutare l&#8217;auspicabilit\u00e0 di ogni attivit\u00e0 da proporre all&#8217;Associazione per l&#8217;esame da parte della stessa e con riferimento alla politica generale. Opinioni contrarie o suggerimenti dovranno essere riportati con sollecitudine all&#8217;Associazione per il prosieguo delle iniziative.<\/p>\n<h2 style=\"text-align: justify;\"><b>ARTICOLO 6 AMMINISTRAZIONE<\/b><\/h2>\n<p style=\"text-align: justify;\">6.1 Il Comitato Esecutivo pu\u00f2 autorizzare spese il cui ammontare non superi il 50% delle disponibilit\u00e0 finanziarie correnti dell&#8217;Associazione. Tutte le spese e le acquisizioni il cui valore supera il 50% delle disponibilit\u00e0 dell&#8217;Associazione dovranno essere approvate con una votazione degli Associati nel corso di una riunione di rutine o appositamente convocata. Le spese di cancelleria, postali e occasionali per il normale funzionamento dell&#8217;Associazione richieste dal Segretario o dal Tesoriere che non superino l&#8217;importo di Lire 100.000.=, non sono soggette all&#8217;approvazione mediate votazione degli Associati.<br \/>\n6.2 L&#8217;Associazione non assumer\u00e0 obbligazione contrattuali o finanziarie in nome e per conto delle \u201cSFPE\u201d in mancanza di un totale accodo manifestato con assenso scritto dal Consiglio Direttivo della Society of Fire Protectipn Engineers.<\/p>\n<h2 style=\"text-align: justify;\"><b>ARTICOLO 7 ATTIVITA&#8217;<\/b><\/h2>\n<p style=\"text-align: justify;\">7.1 Ogni anno dovranno essere programmate almeno 4 riunioni dedicate a tutti gli Associati. Eventuali riunioni non programmate dovranno essere notificate per iscritto con almeno 10 gg. di preavviso a tutti coloro che sono regolarmente iscritti nei registri dell&#8217;Associazione.<br \/>\n7.2 Nel corso della riunione annuale del settore il Presidente uscente presenter\u00e0 una relazione annuale che ripercorre l&#8217;attivit\u00e0 dell&#8217;Associazione durante i 12 mesi trascorsi e indicher\u00e0 le direttive per l&#8217;attivit\u00e0 futura. Il Tesoriere illustrer\u00e0 una relazione in cui saranno evidenziate le entrate e le uscite verificatesi nel corso degli ultimi undici mesi, lo stato patrimoniale, le obbligazioni e il valore netto al termine del periodo per cui \u00e8 stato eletto nell&#8217;incarico.<br \/>\n7.3 Per la validit\u00e0 delle delibere aventi contenuto patrimoniale \u00e8 richiesta la presenza di almeno 7 membri presenti o il 15% del totale degli appartenenti all&#8217;Associazione (il maggiore tra i due numeri).<br \/>\n7.4 Le delibere di ogni riunione all&#8217;Associazione, a meno che non siano compatibili con gli atri articoli del presente Statuto \u2013 Regolamento, dovranno seguire le norme e gli usi italiani.<br \/>\n7.5 Il Comitato Esecutivo proporr\u00e0 agli Associati in forma scritta, con preavviso di almeno 30 gg. rispetto alla data prevista per la riunione annuale di settore una lista di nominativi disponibili per il rinnovo delle cariche e le candidature per il Comitato Esecutivo.<br \/>\nQuesto non precluder\u00e0 la possibilit\u00e0 di proporre altre nominati nella riunione annuale.<\/p>\n<h2 style=\"text-align: justify;\"><b>ARTICOLO 8 QUOTE ASSOCIATIVE<\/b><\/h2>\n<p style=\"text-align: justify;\">8.1 Le quote annualmente dovute da ogni associato saranno stabilite con un voto dell&#8217;Assemblea degli Associati. Le quote associative per i nuovi associati potranno essere versate solo dopo che la richiesta d&#8217;ammissione sar\u00e0 accettata e, successivamente, entro il 31.01 di ogni anno. Coloro i quali non provvederanno a versare le quote dovute entro il tempo prescritto saranno sospesi dopo esserne stati informati per iscritto nei termini dovuti.<br \/>\n8.2 Il Comitato Esecutivo decider\u00e0 in merito ai contributi per l&#8217;Associazione dovuti a titolo di rimborso di spese vive e postali da colore che, persone fisiche, societ\u00e0 od organizzazioni. Vorranno ricevere le pubblicazioni dell&#8217;Associazione pur senza essere membri della SFPE.<\/p>\n<h2 style=\"text-align: justify;\"><b>ARTICOLO 9 MODIFICHE STATUTARIE<\/b><\/h2>\n<p style=\"text-align: justify;\">9.1 Questi articoli possono essere modificati nel corso di ogni riunione programmata dall&#8217;Associazione con i due terzi degli Associati presenti. Le proposte di modifiche dovranno essere presentate per iscritto alla segreteria. Queste saranno formalmente notificate agli Associati e lette pubblicamente alla riunione programmata che precede immediatamente la riunione nel corso della quale la proposta sar\u00e0 messa ai voti.<br \/>\n9.2 Il periodo d&#8217;attesa pu\u00f2 essere eliminato con l&#8217;approvazione del Comitato Esecutivo e della maggioranza di tutti gli iscritti all&#8217;Associazione.<br \/>\n9.3 Tutte le variazioni dello Statuto dell&#8217;Associazione dovranno essere preventivamente presentate al Consigli direttivo della SFPE.<\/p>\n<h2 style=\"text-align: justify;\"><b>ARTICOLO 10 PATRIMONIO<\/b><\/h2>\n<p style=\"text-align: justify;\">10.1 Il Patrimonio dell&#8217;Associazione \u00e8 costituito dalle quote associative versate dai soci e da ogni altra entrata pervenuta all&#8217;Associazione stessa e tendente ai fini di cui alla propria attivit\u00e0 costituzionale<br \/>\nAlla Associazione \u00e8 consentito accettare donazioni, legati, somme di denaro, beni mobili ed immobili e di detenerne la propriet\u00e0.<\/p>\n<h2 style=\"text-align: justify;\"><b>ARTICOLO 11 ASSEMBLEA<\/b><\/h2>\n<p style=\"text-align: justify;\">11.1 L&#8217;Assemblea esprime pareri su tutti gli argomenti sottoposti dal Comitato Esecutivo, approva i bilanci dell&#8217;Associazione, nomina gli Organi di rappresentanza indicando fra gli stessi Presidente, Vice Presidente, Segretario, Tesoriere, il Delegato del Comitato Esecutivo e nomina i Revisori dei Conti. Determina l&#8217;ammontare della quota annuale da versare dagli associati per l&#8217;esercizio successivo.<br \/>\nE&#8217; convocata almeno una volta l&#8217;anno e ogni qualvolta si renda necessario sia su iniziativa del Presidente che per domanda scritta e motivata di almeno un decimo dei soci. Le Assemblea sono indette dal Presidente con invito che dovr\u00e0 contenere l&#8217;Ordine del giorno delle materie da trattarsi.<br \/>\nIl Socio avente diritto Pu\u00f2 delegare per iscritto altro socio ha rappresentarlo in Assemblea. Ogni socio non pu\u00f2 avere pi\u00f9 di una delega. I soci non in regola con le quote sociali non possono partecipare all&#8217;Assemblea e non possono ne delegare ne essere delegati da altri soci.<br \/>\n11.2 Per validit\u00e0 dell&#8217;Assemblea in prima convocazione occorre l&#8217;intervento di non meno della met\u00e0 dei Soci con diritto di voto. In seconda convocazione le adunanze sono valide qualsiasi sia il numero degli intervenuti.<br \/>\nLe deliberazioni sono prese a maggioranza assoluta dei votanti.<br \/>\nI verbali delle Assemblee saranno sottoscritti del Presidente e dal Segretario.<\/p>\n<h2 style=\"text-align: justify;\"><b>ARTICOLO 12 REVISORI DEI CONTI<\/b><\/h2>\n<p style=\"text-align: justify;\">12.1 Il Collegio dei Revisori dei Conti \u00e8 composto da tre membri effettivi ed un supplente che possono essere anche non soci.<br \/>\nDurano in carica due anni e sono rieleggibili.<br \/>\nAl Collegio dei Revisori sono assegnate le attribuzioni spettanti al Collegio Sindacale delle S.p.A., previsti dall&#8217;art.1403 C.C. e seguenti.<\/p>\n<h2 style=\"text-align: justify;\"><b>ARTICOLO 13 ESERCIZION FINANZIARIO<\/b><\/h2>\n<p style=\"text-align: justify;\">13.1 L&#8217;esercizio finanziario ha inizio con il 1\u00b0 gennaio e termina il 31 Dicembre di ogni anno. Il primo esercizio inizia con la data dell&#8217;atto costitutivo e termina il 31 Dicembre successivo.<\/p>\n<h2 style=\"text-align: justify;\"><b>ARTICOLO 14 COPERTURA DELLE CARICHE<\/b><\/h2>\n<p style=\"text-align: justify;\">14.1 I primi organi dell&#8217;Associazione sono dominati nell&#8217;atto costitutivo. La cessazione di ogni carica, per scadenza del termini o per dimissioni o per qualsiasi altro motivo, ha effetto dal momento in cui viene deliberata al sostituzione.<\/p>\n<h2 style=\"text-align: justify;\"><b>ARTICOLO 15 CLAUSOLA COMPROMISSORIA<\/b><\/h2>\n<p style=\"text-align: justify;\">15.1 Ogni controversia che dovesse insorgere tra gli associati o tra questi e l&#8217;Associazione con i suoi organi \u00e8 devoluta ad un Collegio arbitrale composto in numero dispari, costituito da un arbitro nominato da ciascuna delle parti ed uno o due \u2013 ai fini del numero dispari- nominati dagli arbitri di parte o, in caso di disaccordo, dal Presidente del Tribunale di Milano. Il Collegio Arbitrale decide secondo diritto.<\/p>\n<h2 style=\"text-align: justify;\"><b>ARTICOLO 16 FORO COMPETENTE<\/b><\/h2>\n<p style=\"text-align: justify;\">16.1 Per le controversie in cui sia parte l&#8217;Associazione unico Foro competente \u00e8 quello di Milano.<\/p>\n","protected":false},"excerpt":{"rendered":"<p>ARTICOLO 1 DENOMINAZIONE 1.1 E&#8217; costituita una associazione senza fini di lucro denominata Associazione Italiana di Ingegneria Antincendio \u2013 AIIA Sezione Italiana della Society of Fire Proteciton Engineers. L&#8217;associazione pu\u00f2 utilizzare a questo riguardo l&#8217;acronimo nazionale AIIA e quello americano SFPE. L&#8217;Associazione ha sede in Rho (MI), Via Vincenzo Monti 52. ARTICOLO 2 FINALITA&#8217; OBBIETTIVI [&hellip;]<\/p>\n","protected":false},"author":1,"featured_media":0,"parent":0,"menu_order":0,"comment_status":"closed","ping_status":"closed","template":"","meta":[],"acf":[],"jetpack_sharing_enabled":true,"jetpack_shortlink":"https:\/\/wp.me\/P78iv0-9","_links":{"self":[{"href":"https:\/\/www.aiia-sfpe.org\/2016\/index.php?rest_route=\/wp\/v2\/pages\/9"}],"collection":[{"href":"https:\/\/www.aiia-sfpe.org\/2016\/index.php?rest_route=\/wp\/v2\/pages"}],"about":[{"href":"https:\/\/www.aiia-sfpe.org\/2016\/index.php?rest_route=\/wp\/v2\/types\/page"}],"author":[{"embeddable":true,"href":"https:\/\/www.aiia-sfpe.org\/2016\/index.php?rest_route=\/wp\/v2\/users\/1"}],"replies":[{"embeddable":true,"href":"https:\/\/www.aiia-sfpe.org\/2016\/index.php?rest_route=%2Fwp%2Fv2%2Fcomments&post=9"}],"version-history":[{"count":4,"href":"https:\/\/www.aiia-sfpe.org\/2016\/index.php?rest_route=\/wp\/v2\/pages\/9\/revisions"}],"predecessor-version":[{"id":52,"href":"https:\/\/www.aiia-sfpe.org\/2016\/index.php?rest_route=\/wp\/v2\/pages\/9\/revisions\/52"}],"wp:attachment":[{"href":"https:\/\/www.aiia-sfpe.org\/2016\/index.php?rest_route=%2Fwp%2Fv2%2Fmedia&parent=9"}],"curies":[{"name":"wp","href":"https:\/\/api.w.org\/{rel}","templated":true}]}}